e the greatest common factor of 307697 and 13.
13
Calculate the greatest common factor of 688137 and 138.
69
What is the highest common divisor of 170 and 2140?
10
What is the greatest common factor of 7 and 94654?
7
What is the highest common divisor of 124 and 147374?
62
What is the highest common divisor of 506 and 24838?
22
Calculate the highest common factor of 432 and 3152.
16
What is the highest common factor of 3076126 and 1082?
1082
Calculate the highest common divisor of 64 and 6206736.
16
What is the highest common factor of 1359652 and 224?
28
Calculate the highest common divisor of 3650 and 700.
50
What is the greatest common factor of 8942 and 442?
34
What is the highest common divisor of 4141 and 1271?
41
Calculate the highest common factor of 502404 and 399.
21
Calculate the greatest common factor of 8 and 64424.
8
What is the greatest common divisor of 484113 and 21?
21
Calculate the highest common factor of 48 and 31456.
16
What is the highest common divisor of 12121 and 15779?
31
What is the highest common factor of 160 and 22790?
10
What is the greatest common divisor of 478 and 933773?
239
What is the greatest common factor of 445495 and 5?
5
Calculate the highest common factor of 550 and 4750.
50
What is the highest common factor of 15 and 8090?
5
What is the highest common factor of 4216 and 34272?
136
What is the highest common factor of 254376 and 18?
18
What is the greatest common divisor of 84 and 163653?
21
What is the highest common factor of 80997 and 152?
19
Calculate the greatest common factor of 1464 and 145424.
488
What is the highest common factor of 25156 and 1349?
19
Calculate the greatest common divisor of 70 and 13755.
35
Calculate the highest common divisor of 6852 and 72517.
571
What is the greatest common factor of 36816 and 272?
16
What is the highest common factor of 723 and 9704106?
723
Calculate the highest common divisor of 425 and 2796925.
425
What is the highest common divisor of 161696 and 496?
496
Calculate the greatest common divisor of 28340 and 25.
5
Calculate the highest common factor of 728 and 611065.
91
What is the greatest common divisor of 3828 and 1320?
132
Calculate the greatest common divisor of 627 and 65736.
33
What is the highest common factor of 19112 and 16?
8
What is the highest common divisor of 1815 and 320?
5
What is the highest common factor of 248258 and 606?
202
What is the greatest common factor of 184 and 928?
8
What is the greatest common divisor of 286407 and 526?
263
What is the highest common divisor of 5 and 499630?
5
Calculate the greatest common factor of 846 and 1462311.
423
What is the greatest common divisor of 17441 and 963?
107
What is the highest common divisor of 2880 and 35136?
576
Calculate the greatest common factor of 18 and 5034.
6
Calculate the greatest common divisor of 30537 and 4680.
117
What is the greatest common divisor of 301521 and 33?
33
What is the highest common divisor of 183178 and 268?
134
What is the greatest common factor of 124348 and 1232?
28
What is the greatest common divisor of 11936 and 176?
16
What is the highest common factor of 2592 and 2912?
32
Calculate the greatest common factor of 994 and 4186.
14
What is the greatest common factor of 2112 and 16192?
704
What is the highest common divisor of 34408 and 1051688?
1496
Calculate the highest common factor of 22794 and 22098.
174
Calculate the highest common divisor of 27265 and 4655.
665
Calculate the greatest common factor of 182 and 33824.
14
What is the greatest common factor of 36771 and 2856?
357
What is the highest common divisor of 1104465 and 1305?
435
Calculate the greatest common factor of 58 and 289246.
58
What is the highest common factor of 105508 and 52?
52
Calculate the highest common divisor of 177060 and 1560.
780
What is the highest common factor of 10 and 4327465?
5
What is the highest common divisor of 10825 and 34775?
25
Calculate the highest common divisor of 22 and 6334.
2
Calculate the greatest common divisor of 506337 and 26.
13
What is the greatest common factor of 92 and 723764?
92
What is the highest common factor of 169391 and 727?
727
What is the greatest common divisor of 1390 and 160?
10
Calculate the greatest common divisor of 789759 and 72.
9
What is the highest common divisor of 2345 and 18090?
335
Calculate the highest common divisor of 98 and 987889.
49
Calculate the highest common factor of 6510 and 23037.
21
What is the greatest common divisor of 4963 and 315?
7
What is the highest common factor of 469 and 400057?
469
What is the greatest common divisor of 5472 and 2724?
12
Calculate the greatest common divisor of 25098 and 235.
47
What is the greatest common divisor of 110775 and 525?
525
What is the highest common factor of 1396 and 6631?
349
What is the greatest common factor of 1455 and 3090?
15
Calculate the greatest common factor of 1521 and 85527.
117
What is the highest common factor of 68508 and 162?
18
What is the highest common factor of 21008 and 20228?
52
Calculate the greatest common divisor of 237804 and 2052.
228
What is the highest common factor of 584 and 189581?
73
What is the greatest common divisor of 46488 and 4160?
104
What is the highest common divisor of 50 and 438050?
50
What is the highest common divisor of 144605 and 50?
5
Calculate the greatest common divisor of 438460 and 60.
20
Calculate the highest common factor of 3362 and 2132.
82
What is the greatest common divisor of 352 and 25817?
11
Calculate the highest common divisor of 2488 and 184423.
311
What is the highest common divisor of 66 and 40491?
33
Calculate the greatest common divisor of 187 and 43241.
11
What is the highest common divisor of 496 and 602826?
62
Calculate the greatest common factor of 405 and 43605.
135
Calculate the greatest common factor of 473 and 2623.
43
Calculate the greatest common factor of 284 and 16.
4
What is the greatest common divisor of 87 and 309?
3
Calculate the greatest common factor of 183531 and 262.
131
Calculate the greatest common divisor of 96083 and 2334.
389
What is the highest common divisor of 1140190 and 935?
85
Calculate the greatest common divisor of 1418814 and 18.
18
Calculate the highest common factor of 1620 and 2862.
54
Calculate the highest common factor of 5304 and 702.
78
What is the highest common factor of 60 and 701820?
60
What is the highest common divisor of 252 and 943686?
18
What is the highest common factor of 478836 and 108?
36
What is the greatest common divisor of 222611 and 43?
43
Calculate the highest common factor of 2224 and 1215972.
556
Calculate the greatest common factor of 24012 and 1508.
116
Calculate the highest common factor of 7350 and 1110.
30
Calculate the greatest common divisor of 5745 and 2055.
15
Calculate the highest common divisor of 10139 and 3.
1
Calculate the highest common divisor of 65 and 252733.
13
What is the highest common divisor of 1459343 and 146?
73
Calculate the greatest common divisor of 1278889 and 478.
239
What is the greatest common divisor of 86563 and 2427?
809
What is the greatest common factor of 24 and 1567448?
8
Calculate the highest common factor of 458 and 146.
2
Calculate the highest common divisor of 14460 and 68444.
964
What is the greatest common divisor of 2840032 and 104?
104
Calculate the highest common divisor of 8360 and 11780.
380
Calculate the highest common factor of 6530 and 340.
10
Calculate the greatest common divisor of 2884 and 44156.
28
Calculate the highest common divisor of 19152 and 336.
336
Calculate the greatest common divisor of 6975 and 97371.
279
Calculate the highest common factor of 1344 and 1178016.
672
Calculate the greatest common divisor of 117 and 564486.
39
Calculate the greatest common factor of 360 and 937008.
72
Calculate the greatest common factor of 13204 and 6.
2
Calculate the highest common factor of 1413 and 64684.
157
What is the highest common divisor of 32 and 1996832?
32
What is the greatest common factor of 2911501 and 1229?
1229
Calculate the highest common factor of 828822 and 642.
642
What is the greatest common divisor of 75545 and 8555?
145
What is the greatest common factor of 6897 and 957?
33
Calculate the highest common factor of 19225 and 8275.
25
Calculate the greatest common divi